t are the prime factors of (-5 + -2193)/v - -5?
2, 3, 23
Let a be (-1*(-1 - -2))/(-1). Suppose -i = 3*p - 15 - 3, -p - a = -2*i. What are the prime factors of (-2)/(-25)*p - (-203)/5?
41
Let f(i) = i**3 + 18*i**2 + 6*i + 47. Let c be f(-17). Suppose -p + 237 = z + 4*p, 0 = z + 4*p - c. List the prime factors of z.
2, 3, 37
Let p = -398 - -404. Let l = 261 + -103. Suppose 2*b - l = -p. List the prime factors of b.
2, 19
Suppose 3602959 = 539*p - 237856 - 1678006. List the prime factors of p.
3, 3413
Let f = -206347 + 297937. What are the prime factors of f?
2, 3, 5, 43, 71
Let f be (-2 + -5 - -8)*-5. Let q(j) = -5*j**3 + 4*j**2 + 2*j - 4. What are the prime factors of q(f)?
3, 79
List the prime factors of 7052/43*(-2424)/(-32).
3, 41, 101
Let z(v) = 11*v - 2. Let m be z(4). Let g = 42 - m. Suppose -3*j - q + 224 = g, -2*j + 244 = j - 4*q. What are the prime factors of j?
2, 19
Let a(d) = 7501*d + 185. What are the prime factors of a(2)?
15187
Suppose 15*x - 22 = 17*x. Let i be (-69)/15 - (-4)/(-10). What are the prime factors of 209/x*(i + 2)?
3, 19
Suppose -4*n + 42 = -282. Let b = n - 78. Suppose -b*u = -0*u - 3*w - 201, -2*u + 122 = 4*w. What are the prime factors of u?
5, 13
Suppose -3*v = -2*i + 3 + 438, i + 4*v - 204 = 0. Suppose 0 = -4*k + 5*y + 319 + 100, -2*k - 4*y + i = 0. What are the prime factors of k?
2, 53
Suppose 4*s = -k + 177834, -4*k - 44467 = -26*s + 25*s. List the prime factors of s.
23, 1933
Suppose 5*c - 29075 = -x + 16568, c - 4*x - 9158 = 0. What are the prime factors of c?
2, 5, 11, 83
Suppose -25*i + 243729 = -71846. List the prime factors of i.
13, 971
Let u be 86/(-172) + (1 - (-19)/(-2)). Let t = -2 - u. What are the prime factors of t?
7
Let z(m) = 126*m + 57. Let f be z(6). Suppose 318 = 2*r + 4*t, r - 4*t = 6*r - f. What are the prime factors of r?
3, 5, 11
Suppose -5*z - 17 = 2*k, 20*k + 7 = 16*k - z. What are the prime factors of ((-311)/5)/((-18)/15 - k)?
311
Let l be 2*(-4 + -335)/(6/(-4)). Suppose c - 198 = l. Suppose 3*y - c + 110 = 0. List the prime factors of y.
2, 3, 5
Suppose 3*p - 13 = -4*k, -45*k + 40*k = -2*p + 1. Suppose 5*j + 168 = p*f - 2274, 4092 = 5*f - j. What are the prime factors of f?
3, 7, 13
Let u(p) = 3*p**2 + 39*p - 4. Let w be u(21). Suppose w = 12*n - 2338. List the prime factors of n.
373
Let q(h) = -2*h**3 - 56*h**2 - 436*h - 3. What are the prime factors of q(-9)?
3, 281
Suppose -54*o + 437987 - 85079 = -131958. List the prime factors of o.
3, 41, 73
Let h(l) = -l + 28*l**2 - 16 + 22*l**2 + 21*l**2 - 70*l**2. What are the prime factors of h(-14)?
2, 97
Suppose -y + 4*h + 3 = 7*h, 4*y - 2*h - 12 = 0. Suppose 2*w + 2*z + z = 1319, 3*w - 1986 = -y*z. List the prime factors of w.
23, 29
Let x(h) = -235*h**3 + 2*h**2 + 2*h + 1. Let o(f) = 9*f + 71. Let y be o(-8). What are the prime factors of x(y)?
2, 59
Suppose -f = -4*b + 4*f + 40, -1 = -b - f. Suppose -5*d - 663 = w - 8452, -b*w - 6237 = -4*d. What are the prime factors of d?
2, 19, 41
Let w = 12397 - 8698. List the prime factors of w.
3, 137
Let d be -3 - (2 - (-6276)/(-3)). Let u = d - 1041. What are the prime factors of u?
2, 523
What are the prime factors of 8*-1 - ((-7 - 4029) + 6)?
2, 2011
Suppose -297 = -39*c + 54. Suppose 20 - 587 = -c*h. List the prime factors of h.
3, 7
Suppose -4*r + 5*m + 72862 = 0, -r = 543*m - 541*m - 18196. List the prime factors of r.
2, 569
Suppose -1580 = 5*u + 4*v + 1309, u + 576 = v. Let j = 928 + u. List the prime factors of j.
3, 13
Suppose -3*n + 2*s + 137 = 31, 4*n = 3*s + 142. List the prime factors of (-1337 + -1)/((-68)/n).
3, 223
Let z = 9338 + 6092. What are the prime factors of z?
2, 5, 1543
Suppose -4*g = -20*j + 25*j - 94585, -21*g = 5*j - 94585. What are the prime factors of j?
18917
Suppose 0 = 2*z - 5*q - 75647, -51*z + 55*z + 2*q = 151402. List the prime factors of z.
2, 127, 149
Let y = -237 + 250. Suppose -24*v = -y*v - 3179. List the prime factors of v.
17
Suppose -12*x = -13*x + 13. Suppose -3*w = -x + 4. Suppose -w*f - 245 = -8*f. What are the prime factors of f?
7
Suppose 5*f + 0*f - 7 = l, -3*f + 3*l = 3. Suppose -f*z + v = -3*z + 50, -2*z + 102 = 3*v. Suppose -4*k + z = 2*n + 6, 0 = k - 1. List the prime factors of n.
19
Let z(h) = -4*h**3 - 21*h**2 + 73*h - 334. What are the prime factors of z(-28)?
2, 34483
Suppose -f = 2*f - 4*c - 56924, -c - 18975 = -f. List the prime factors of f.
2, 593
Let z = 15441 - 1176. What are the prime factors of z?
3, 5, 317
Suppose -5*u - 8338 = 572. Let r be (u/14 - (-8)/28)*-7. Suppose -238 = -o + 5*n, 7*n - 6*n - r = -4*o. What are the prime factors of o?
223
Let c(x) = 1872*x**2 + 117*x - 432. List the prime factors of c(4).
2, 3, 7, 17
Suppose -2*l + h + 15322 = 4*h, 5*l = 2*h + 38343. What are the prime factors of l?
11, 17, 41
Let k = -3528 - -11431. What are the prime factors of k?
7, 1129
Let r(f) = -7*f - 14. Let v(g) = -7*g - 13. Let u(t) = -5*r(t) + 4*v(t). Let a be u(-6). What are the prime factors of (508/a)/(1/(-6))?
127
Suppose 7*j = 3*j + 20, -h - 2*j = 15. List the prime factors of (380/h)/((-6)/525).
2, 5, 7, 19
Let f(h) = -2945*h - 17029. What are the prime factors of f(-17)?
2, 3, 2753
Let c be 2 + (-30)/5 + 10. Let q be 4/c + 16/(-6). Let b(g) = 20*g**2 + 2. List the prime factors of b(q).
2, 41
Let h be 2 - -10*(-2)/5. List the prime factors of (4 + (-740)/12)/(h/24).
2, 173
Let z be (-39)/195 + (-7712)/(-10). What are the prime factors of (z/5)/((-3)/(6 - 21))?
3, 257
What are the prime factors of 11/(22/(-14)) + (3 + -2)*622?
3, 5, 41
Suppose -220*c + 113*c = -733913. What are the prime factors of c?
19
Suppose -3*n + 4*n - 2*x = -6, 2*n = 2*x - 4. Suppose 57*b - 5215 = 371. Suppose b = n*h + 12. List the prime factors of h.
43
Suppose -4*w - 535 = 1061. Let f = 820 - w. Suppose 21*j - f - 4598 = 0. What are the prime factors of j?
277
Suppose 0 = 17*t + t - 261667 - 130787. What are the prime factors of t?
21803
Let q(w) = -203*w - 108. Let o be q(-5). Suppose 3*n + x = 2710, -n = -0*n + 4*x - o. What are the prime factors of n?
3, 7, 43
Suppose -181*v = -175*v - 2580. Suppose 3*j - 182 = j - 3*w, 5*j - 5*w - v = 0. What are the prime factors of j?
2, 11
Let d(m) = 5*m**3 - 206*m**2 + 39*m + 88. Let p be d(41). Let l(w) be the first derivative of 2*w**3/3 - 4*w**2 + 17*w - 1. List the prime factors of l(p).
41
Let k(n) = -349*n + 327. What are the prime factors of k(-17)?
2, 5, 313
Suppose -b + 49 = 6*b. Suppose 4*t - 4*o = 1836, 5*o - b*o = -6. Let n = 653 - t. What are the prime factors of n?
191
Let o = -2585 + 5795. Suppose -7*u + 4826 + o = 0. What are the prime factors of u?
2, 7, 41
Let m(g) = 62*g - 11. Let k be m(-3). Let y = 57 + k. Let p = -16 - y. List the prime factors of p.
2, 31
Suppose -10*u - 2686 = 24*u. Suppose -2*y - 5*w - 417 = y, -5*w + 119 = -y. Let q = u - y. List the prime factors of q.
5, 11
Let c be (-2)/3 - (-5515)/15. Let q = c - 256. Let d = -55 + q. What are the prime factors of d?
2, 7
Let q(m) = 16*m - 22. Let u be q(-4). Let w = u + 84. What are the prime factors of -1 + (-5)/(0 - w/(-44))?
109
List the prime factors of 17/(-8) + 2 + -4 + (-450994)/(-16).
28183
Let u = -23 - -4. Let i = -3 - u. List the prime factors of (196/i)/(2/8).
7
Let l(u) be the second derivative of -3/2*u**2 - 58/3*u**3 - 20*u + 0. List the prime factors of l(-1).
113
Suppose b + 69051 - 2220 = 5*p, 0 = 5*p + 4*b - 66851. What are the prime factors of p?
13367
Let s = -33015 + 53654. What are the prime factors of s?
20639
List the prime factors of (7 + 152/40 - 9)*13660/6.
2, 3, 683
Suppose 2*u + 12 = 2, 6 = -2*x - 2*u. Let z be x*(125 - (-6)/(-2)). Suppose 3*m - 236 = -3*q + m, 3*q + 4*m = z. What are the prime factors of q?
2, 19
Let a = 14137 + -5232. What are the prime factors of a?
5, 13, 137
Let i(o) = -o**3 - 10*o**2 + 17*o - 5. Suppose -3*u - 54 = 3*f - 2*f, 0 = 4*u - 4*f + 72. Let b be (-32)/(-12)*u/4. What are the prime factors of i(b)?
79
Let t(d) = 111*d**3 - d**2. Let l be 6 - 1 - -57 - 6/2. Let c = l - 58. What are the prime factors of t(c)?
2, 5, 11
Suppose 272 = -192*p + 209*p. Suppose -5*y - p*y + 31710 = 0. What are the prime factors of y?
2, 5, 151
Let r(w) be the second derivative of -w**5/10 - 7*w**4/12 - 3*w**3/2 + 2*w**2 - w. Let i = -3575 + 3571. List the prime factors of r(i).
